 = w - 38. Let z = 30 + b. Does 14 divide z?
True
Let r(c) = -6*c**3 - 18*c**2 - 6*c + 15. Let p be r(6). Let y = -798 - p. Is 69 a factor of y?
False
Let q = -34 + 24. Let l be ((-156)/q)/(((-4)/(-5))/2). Let o = -7 + l. Does 8 divide o?
True
Suppose -22*s + 1327 = 3*w - 17*s, 0 = 2*w - 3*s - 891. Is w a multiple of 74?
True
Let y(a) = a**3 + 6*a**2 - 22*a + 3. Let s be y(-7). Suppose -2*u = -d - 551, 3*u - 616 = -2*d + 221. Let i = u - s. Is i a multiple of 13?
True
Suppose -7*n + 0*n + 1134 = 0. Suppose -5*b = 4*x - n, 5*b - 250 = x - 78. Suppose -4*s = -p - 111, 74 = 4*s - 4*p - b. Is 6 a factor of s?
False
Let u = 2402 + -2345. Is 4 a factor of u?
False
Let q = 128 - 296. Does 22 divide 4570/16 - q/448?
True
Let w(q) = 8*q + 148. Let r be w(-18). Is ((-2)/r)/(5 - (-37710)/(-7540)) a multiple of 15?
False
Let n(v) = -8*v - 22. Let f be (6 - 2 - 2)/((-4)/6). Let w be n(f). Suppose w*r + 7*r = 585. Is 20 a factor of r?
False
Is 11 a factor of ((-2904)/10)/(-12 + 177/15)?
True
Let x = 12653 - 11158. Is x a multiple of 4?
False
Let u = -10 - -34. Let q be 13/4 - 6/u. Suppose o = -q*c + 233, -4*c + 154 = o - 82. Does 14 divide o?
True
Let j = 24167 - 15427. Is j even?
True
Suppose t = -4*t - 15. Let v be t/6 - (-46)/(-4)*1. Let d(o) = o**2 + 6*o - 20. Is 13 a factor of d(v)?
True
Let u = 116 - 107. Does 10 divide (-48)/30*u/((-18)/100)?
True
Suppose 0 = 4*v - 4, 2 = -5*l - v + 13. Let g be l + 74 + 2 - 3. Suppose 9*d = 6*d + g. Is 6 a factor of d?
False
Is ((-1553057)/(-187) - -14 - 2/17) + 3 a multiple of 57?
True
Let m(b) = 2*b**2 + 18*b + 2. Let s be m(-9). Suppose -54 = -h - 2*p - 0*p, -s*p + 216 = 4*h. Let y = 82 - h. Is y a multiple of 7?
True
Suppose -13*g - 6302 + 23355 + 6867 = 0. Is g a multiple of 5?
True
Let d(l) = 125*l + 30390. Is d(0) a multiple of 10?
True
Let d(p) = 10*p**3 - 5*p**2 - 3*p - 3. Let m be d(-3). Let g = m - -426. Does 10 divide g?
False
Let n(v) = v**3 - 4*v**2 - 3*v - 11. Let s be n(4). Let w = 22 + s. Does 11 divide (-70)/(-14) + w + 136?
False
Suppose -2*j = 2*j + 12. Let h be -18*j*1/9. Suppose h*a + 23 = 569. Is 17 a factor of a?
False
Let x = -623 + 5356. Is 33 a factor of x?
False
Let u = -2 - -4. Suppose -607 = s - 5*s + 5*m, 0 = -4*s + u*m + 622. Let r = s - 95. Is r a multiple of 11?
False
Let x = 5 - -13. Let c be -46*((-2)/(-4) + (-27)/x). Suppose 2*h - 64 = c. Is 11 a factor of h?
True
Let s be (-106)/(-8) + (147/(-28) - -5). Suppose -2*l = -s*l + 1166. Is 7 a factor of l?
False
Let w = -12 - -163. Suppose d = -5*c + c + w, 0 = -d + c + 136. Suppose g - d = 3*j + 2*j, -716 = -5*g + 4*j. Does 36 divide g?
True
Let n = 319 - 314. Suppose -1074 = -n*l + 3671. Is 13 a factor of l?
True
Suppose 2*d = 3*l + 2378, 2*d - d - 1222 = -4*l. Is 112 a factor of d?
False
Let r = 41 - 25. Suppose -5*d + 0*f = -2*f + 26, -5*f = d + r. Let n(b) = -3*b - 6. Is 3 a factor of n(d)?
True
Suppose -3*j - g + 730 = -1735, 5*g + 20 = 0. Is j a multiple of 52?
False
Suppose w = 4, 2*w + 28 = -2*u + 6*u. Suppose -u*n = -13*n + 5908. Suppose n = 7*o - 7. Is o a multiple of 24?
False
Let a(j) = -49*j + 4. Let g be a(-4). Suppose -3*i = -2*n - g, -4*i = 4*n - 0*n - 280. Suppose 3*r - 5*r + i = -4*w, -140 = -5*r + 4*w. Is r a multiple of 8?
True
Suppose -96394 = -5*o - 2*n, -o + 4*n = -14657 - 4613. Is 126 a factor of o?
True
Suppose 6*v = 9*v. Is 0 + v + (-3040)/(-40) a multiple of 19?
True
Let a = 730 + -726. Suppose 5*t - 2*t - 2*k - 1683 = 0, a*k + 2807 = 5*t. Is t a multiple of 43?
True
Let a(r) = -8*r - 5. Let v be a(-4). Let x = v + -29. Does 17 divide 12/27*114 + x/(-6)?
True
Let i(d) = -d + 8. Let a be i(3). Suppose 1095 = a*h + k - 320, 3*k - 297 = -h. Suppose -2*n - 2*n + h = -2*p, 0 = 4*n + 2*p - 262. Does 17 divide n?
True
Let q be 12 - 301 - (0 - 1). Let s = 240 - q. Does 12 divide s?
True
Suppose 3*c + 18 = -3*c. Let f be 0/(c/(-6)*-4). Suppose -h = -f*h - 47. Is 15 a factor of h?
False
Let j be 120/57 - 16/152. Suppose 4*q = -3*w + 35, 0 = 2*w - 3*w + 1. Suppose 96 = j*h + 2*n, 2*h = 2*n + q + 104. Is h a multiple of 13?
True
Suppose -56 + 20 = 6*v. Let w(f) = -3*f**2 - 29*f - 86. Let t(m) = -m**2 - 10*m - 29. Let d(g) = 11*t(g) - 4*w(g). Does 4 divide d(v)?
False
Let m = -688 - -9253. Does 22 divide m?
False
Let z(o) = 299*o**2 - 1628*o + 12989. Is 12 a factor of z(8)?
False
Suppose -4*z + 6 + 0 = 3*p, -2*p + 4 = 4*z. Let d be ((-2 - 4)/(-18))/(p/42). Let s(v) = v**3 - 3*v**2 - 6*v - 17. Does 40 divide s(d)?
False
Suppose -61 - 5104 = 5*u. Let k = u - -1566. Is 17 a factor of k?
False
Suppose -7*u = 4*u - 17122 - 24788. Is u a multiple of 5?
True
Suppose 0 = -4*h - 192 + 920. Let o = -3823 - -3707. Let z = o + h. Does 22 divide z?
True
Let f = -18 - -24. Suppose 2*p - 155 = z, -2*p - z = -f*z - 135. Suppose -p = -4*x + 100. Does 4 divide x?
False
Let m(l) = -10*l + 2. Let h(i) = -i - 21. Let g be h(-18). Let d(w) = 19*w - 3. Let p(f) = g*d(f) - 7*m(f). Is p(5) a multiple of 6?
True
Let i be -3 + (-960)/36*6/(-4). Suppose -109 = -n - i. Is n a multiple of 18?
True
Let y be 8/(-6)*(-3)/(-2)*-1. Suppose -y*a + d = -191, -2 = d + 3. Is a a multiple of 3?
True
Let q = 9825 + -6005. Does 10 divide q?
True
Let m(j) = 8*j**3 - j**2. Let i be m(-1). Let u be ((-4)/(-10))/(i/(-135)). Does 18 divide (-1632)/(-18) - u/9?
True
Suppose -120 = -5*j - 7*j. Suppose 948 = j*b - 7*b + 3*w, -4*b = -3*w - 1292. Is 16 a factor of b?
True
Let y = 20 + -14. Suppose -31*h + 28*h = -y. Suppose b = h*b - 3*m - 119, -4*b = -4*m - 476. Is 7 a factor of b?
True
Let d(g) be the first derivative of -g**4 + g**3/3 - 3*g**2/2 + 2*g + 15. Let b be d(1). Let k(n) = -n**3 + n + 3. Does 18 divide k(b)?
False
Suppose -2*n + 1026 = 2*v, 8 + 8 = -4*n. Let x = v - 496. Is 21 a factor of x?
True
Let c(d) = d**2 + 96*d - 381. Is 172 a factor of c(60)?
False
Let t = 36 + -35. Let j be t/5 + 158/10. Suppose 3*m - 296 - j = 0. Is 20 a factor of m?
False
Suppose -49*z = -765 - 26185. Does 21 divide z/(4*(60/(-16) - -4))?
False
Let u = 1854 - 1294. Suppose i = -3*i + u. Is 10 a factor of i?
True
Let z = 5874 + -1758. Is 98 a factor of z?
True
Let c be 7/(-28) + 50/8. Let p(u) = 8*u**3 - c*u**3 - 5*u**3 + 9*u + 17 - u**2. Is p(-4) a multiple of 21?
False
Suppose 0 = -2*t - 4*o + 14, 0 = 2*t - o - 4 + 10. Let x(v) be the second derivative of -41*v**3/3 - 2*v**2 + v. Is x(t) a multiple of 13?
True
Suppose -11*x + 22*x + 4180 = 0. Let s = 36 - x. Is s a multiple of 52?
True
Let t = -1 + 1. Let b(l) = -l**2 + 17*l - 65. Let f be b(12). Let s = t - f. Is s a multiple of 4?
False
Suppose 190 = 9*w - 125. Suppose 4*f + w = -73. Is -48*f/(-6)*(-1)/6 a multiple of 6?
True
Let b be (19 - 2) + 0 + -3. Suppose 2*j = b - 14. Is 21 a factor of 151 - ((-2)/1 + j)?
False
Let c = 81 - 201. Suppose -3*q + 87 = 303. Is (0 - c)*-8*6/q a multiple of 10?
True
Suppose -2*p - 116 = -3*t, 121 = 3*t + 2*p - 3*p. Let z(g) = -t*g - 28 + 4 + 16*g. Does 12 divide z(-12)?
True
Suppose 5*i = 5*f - 16530, 2*f - 4*i - 2720 - 3896 = 0. Is 4 a factor of f?
True
Let w = -250 - -1009. Let r = w - 129. Is 63 a factor of r?
True
Suppose 29780 = 5*i - 5*b, -2299 - 9607 = -2*i + b. Is 27 a factor of i?
False
Does 28 divide (-828 + -3)/((15/1120)/(2/(-8)))?
True
Let z = 187 - 182. Suppose z*i = 10*i - t - 2295, 3*i - 4*t - 1377 = 0. Is i a multiple of 29?
False
Let o(p) = 8*p**3 - 51*p**2 - 30*p - 89. Does 12 divide o(17)?
False
Suppose -l - 3 + 7 = 0. Let w(z) = 2*z**2 + 5*z - 30. Let q be w(7). Suppose l*b + 5*g - q = 0, -5*g - 57 = -b - 0*b. Is 16 a factor of b?
True
Let n(v) = 876*v + 4446. Does 150 divide n(4)?
True
Suppose 101084 = 17*y - 225486. Is 46 a factor of y?
False
Let w(y) = -3*y - 5 + 18 + 4*y. Let v be w(-10). Suppose -183 = -v*d + 99. Is 5 a factor of d?
False
Let r = 168 + -328. Let u be 0/(-2) - -1*r/(-4). Suppose -7*k - u = -12*k. Is k a multiple of 8?
True
Suppose -43*q + 39*q + 1344 = 0. Suppose -267*i + q = -261*i. Is i a multiple of 3?
False
Suppose 4*o + 23524 = 2*u, 2*o + 6694 = 4*u - 40396. Is 114 a factor of u?
False
Let r = -7197 + 8477. Is r a multiple of 2?
True
Suppose 8*i - 5482 + 106 = 0. Suppose i = -24*c + 30*c. Is 14 a factor of c?
True
Suppose 5*k = 3*f + 1610, k + 3*k - 3*f - 1291 = 0. Suppose -4*i + 6*i - k = -5*p, 5*i = 5*p - 305. Is 50 a factor of p?
False
Su